, -3*b + 3*g = -21. Suppose b = -5*i + 3*i. Let y be (-3)/(-12)*(13 + i). What is the highest common factor of 6 and y?
3
Let z = -25 - -26. Suppose 2*q + z = 3. Calculate the greatest common divisor of q and 7.
1
Let m = 230 + 589. Calculate the highest common divisor of m and 364.
91
Let x be 1*-5*189/(-15). Let v be 2 - (-2 + (-4)/(-2)). Suppose 0 = -v*t + 32 + 10. Calculate the highest common divisor of t and x.
21
Let b = 631 + -551. Let n(p) = 10 - 3*p**2 + 4*p + 4*p**2 - 3*p. Let y be n(0). What is the greatest common factor of y and b?
10
Let b(p) = 1344*p**3 + 3*p**2 - 6*p + 2. Let r be b(1). What is the greatest common factor of 79 and r?
79
Let i(a) = -a**2 - 47*a - 318. Let x be i(-36). Calculate the greatest common factor of 507 and x.
39
Let x(c) = c**2 + 5*c - 2. Let r be x(-7). Let d = 609 - 465. What is the highest common factor of d and r?
12
Suppose 4*f - 86 = 10. Suppose 5*p - 2*p = f. Let t = 54 + -38. What is the highest common factor of t and p?
8
Suppose -30 = -x - 3. Suppose -2*r + 0*r = 3*y - 6, -5*r = -3*y + x. What is the highest common factor of 8 and y?
4
Let q = 197 + 18. Let r = q - 152. Calculate the highest common factor of 9 and r.
9
Suppose 0*t - 2*t - 5*o = -25, 0 = 4*o - 4. Let a = -24 - -34. Calculate the highest common divisor of a and t.
10
Let b be ((-72)/60)/((-3)/10). Suppose 0 = -b*f + 3*f + 9. Suppose -29 = 8*a - f*a. What is the highest common divisor of 29 and a?
29
Suppose 118*z - 1050 = 112*z. Let x be 124/5 - (-1)/5. Calculate the highest common divisor of x and z.
25
Let s = -44 - -49. Let d = -8 + 1. Let o = d + 12. Calculate the highest common divisor of o and s.
5
Let x = 198 - 106. Suppose -5*c + 188 = -c + 2*f, 2*c + 2*f = x. Let o be (-15*8 + 0)*-1. Calculate the greatest common divisor of o and c.
24
Suppose 0 = -p - 2*q + 30 + 38, -3*p = -2*q - 212. What is the greatest common divisor of 14 and p?
14
Let l = 106 - 57. Let m be 652/7 - 7/l. Suppose 5*a - 153 = -4*z, -3*a - z + m = z. What is the greatest common factor of a and 22?
11
Suppose 0 = 6*k + 6 - 6. Suppose k*f + 3*f - 204 = 0. What is the greatest common divisor of 17 and f?
17
Suppose 0 = -x - 0 - 4. Let w be x/(-5)*(-105)/(-2). Let t be (72/w)/(1/7). Calculate the greatest common factor of t and 84.
12
Let t be (1 + 2)/((-1)/(-1)). Suppose 0 = -t*r - 0*r + 9. Let x be (-50)/r*(-24)/20. What is the greatest common factor of x and 10?
10
Suppose 9*f - 60 = -24. What is the greatest common divisor of 88 and f?
4
Let w = 18 - 11. Let l = 2 + w. Let s be (66/(-15) + -1)*-5. Calculate the highest common factor of s and l.
9
Let c = -1 - -5. Let z = 97 - 89. What is the highest common factor of c and z?
4
Suppose -17*f + 166 = -157. Calculate the highest common divisor of 171 and f.
19
Suppose -3*s = 0, 3*s + 20 = f + f. Let i(v) = -21*v - 130. Let u be i(-10). What is the greatest common factor of u and f?
10
Let q be 13/(104/40) + 2425. What is the greatest common factor of q and 10?
10
Let b(r) = -12*r + 3. Let x be b(-3). Let o = 2234 + -2039. What is the highest common factor of o and x?
39
Let v be 3/4 - (-1 - (-3688)/(-32)). Calculate the greatest common divisor of v and 13.
13
Let q(a) = a**2 - 22*a + 150. Let t be q(8). Let c be (190/8)/((-1)/(-4)). Calculate the greatest common divisor of c and t.
19
Suppose 0 = -11*q + 13*q - 40. Suppose 4 = 5*a - 4*z, 3 = a - 4*a - 3*z. Suppose a*f + 48 = 6*f. What is the highest common divisor of f and q?
4
Let d(m) = 310*m - 14. Let b be d(1). What is the greatest common factor of 8 and b?
8
Let w(r) = -r**3 - 5*r**2 + 6*r + 17. Let f be w(-7). Let m = f + -52. Calculate the highest common divisor of m and 63.
21
Suppose 6 = 3*t + 3*f, f - 6 = -4*t - 4*f. Suppose 0 = -2*h + 3*b - 13, 54 = -5*h + b + 2. Let i = 17 + h. Calculate the highest common factor of t and i.
2
Suppose 11*g - 1021 = -834. Let r(c) = -3*c + 2*c - 2 + 30*c**2 + 3. Let d be r(2). Calculate the highest common factor of g and d.
17
Suppose 3*p + 32 - 35 = 0. What is the greatest common factor of p and 27?
1
Let h = 904 + -421. Calculate the greatest common divisor of h and 84.
21
Let x(z) = z**2 + 8*z - 5. Suppose 8*i + 36 = 4*i. Let d be x(i). Suppose -j + 5*u = -d*j + 18, 3*u = 0. What is the highest common factor of j and 24?
6
Suppose 2*g - 120 = 12. Suppose 132 = 4*l - 3*t, 2*t + t = 2*l - g. What is the highest common divisor of 22 and l?
11
Let x = -62 + 65. Suppose 3*i + 5*g = 158, x*i - 2*g = -3*g + 166. What is the highest common factor of i and 8?
8
Suppose 5*b + 185 = 4*k + 2*b, 3*k + 2*b - 126 = 0. Let i(d) = -9*d. Let q be i(1). Let z be 2/(-6) + (-102)/q. What is the highest common divisor of k and z?
11
Suppose 0 = -5*c + 4*w + 14, 0*c - c = -3*w - 5. Let d be (-5 - -17)*c/4. Let p = -22 + 40. Calculate the greatest common factor of p and d.
6
Let p(s) = -s**3 - 39*s**2 - 58*s - 592. Let z be p(-38). Let j(a) = 25*a**2 - a. Let w be j(1). Calculate the highest common divisor of w and z.
24
Let m(t) = -8*t - 30. Let z be m(-9). Calculate the greatest common factor of 1554 and z.
42
Suppose -6*q + 475 = -71. Let w = 95 - q. What is the greatest common factor of 44 and w?
4
Let y be (4/(-6))/(9/27). Let q be 94/18 - y/(-9). Suppose 3*n + 344 = q*s, -2*s + 0*n + 5*n + 130 = 0. Calculate the greatest common divisor of s and 14.
14
Let h = -10 - 2. Let b = -6 - h. Suppose -4*r = -b*r + 4*t + 40, -5*t + 93 = 3*r. What is the highest common divisor of r and 26?
26
Let d = -684 - -844. Calculate the greatest common factor of 304 and d.
16
Suppose 248 + 102 = 5*g. Let y = -1250 + 1278. What is the greatest common factor of y and g?
14
Let v be 3 - ((-8)/4 - 59). Calculate the highest common divisor of v and 144.
16
Suppose -4*w + 5*y = 12, -2*w + 6 + 2 = y. Suppose -4*h - w + 22 = 0. Suppose -135 = -29*j + 26*j. Calculate the highest common factor of h and j.
5
Suppose -35828 = -2*m - 50*m. Calculate the greatest common divisor of m and 26.
13
Let y(g) = g**2 + g + 2. Let s be y(-6). Let c = 0 - -4. Let o be 32/(-20)*(-10)/c. What is the highest common factor of s and o?
4
Let l = 2 + -1. Let k = 5 - l. Let f be 36/(-15)*310/(-186). What is the highest common divisor of f and k?
4
Let h(f) = -2*f**2 - 34*f - 87. Let l be h(-8). What is the greatest common divisor of l and 19?
19
Let u(x) = -x**2 + 10*x - 12. Let i be u(8). Let s = -126 + 130. Calculate the highest common divisor of s and i.
4
Suppose 0 = 24*w - 29*w + 560. What is the greatest common factor of 32 and w?
16
Suppose 5*z = 1404 + 821. Calculate the highest common divisor of 20 and z.
5
Let p = -463 + 466. What is the highest common factor of 39 and p?
3
Suppose -123*m - 29409 + 116739 = 0. What is the greatest common divisor of 10 and m?
10
Let x(c) = -3*c**3 - 2*c**2 + 3*c. Let b be x(-3). Let y be (30/20)/(0 + 1/b). Calculate the greatest common divisor of 9 and y.
9
Let f = 1472 - 1455. What is the greatest common factor of 1139 and f?
17
Let k be 2/((-9)/(108/(-8))). Suppose k*v = v + 56. Suppose -51 = -8*n + 3*n - 2*c, -3*c = -2*n + v. Calculate the greatest common factor of 11 and n.
11
Let a be ((-6)/12)/(3/102) + 1. Let k = a + 21. Calculate the greatest common divisor of 15 and k.
5
Let v(y) = -y**3 + 10*y**2 - y + 10. Let f be v(10). Suppose 5*l - 3*i - 136 = -2*i, f = l - 2*i - 29. Calculate the greatest common factor of 9 and l.
9
Let b = -20 + -9. Let c = b - -52. Let g = -16 + c. What is the highest common factor of 35 and g?
7
Let m be 168/(-35)*(-10)/4. What is the highest common divisor of m and 3?
3
Let t(n) = -30*n - n**3 + 18*n**2 - 14 + 33*n - 13. Let j be t(18). What is the highest common factor of 9 and j?
9
Suppose 0 = -u - 2 + 22. Let q = -132 - -182. What is the greatest common divisor of q and u?
10
Let u(y) = -3*y**3 - 19*y**2 + 3*y - 17. Let r be u(-7). What is the highest common factor of r and 320?
20
Let z = 591 + -545. What is the greatest common divisor of z and 529?
23
Suppose -371 = -8*c + 85. Calculate the greatest common divisor of c and 247.
19
Suppose -y + 2*d = -734, 0*y + 738 = y + 2*d. Calculate the highest common factor of 128 and y.
32
Suppose -4*w + j = -810, -2*j + 5 = 1. What is the greatest common factor of w and 58?
29
Let g be -2*(-30 + 2) - 2. Suppose -g = 7*j + 170. Let b = -1 - j. Calcula